 + z + 4. Determine q(u).
4
Let o(t) be the first derivative of -t**4/4 - 2*t**3 - 3*t**2 - 8*t - 72. What is o(-5)?
-3
Let m(h) = 10*h + 151. Let g be m(-15). Let b(j) be the third derivative of 17*j**5/60 - j**4/12 + j**3/6 - 2*j**2. Determine b(g).
16
Suppose -2*q = -3*q - 4. Let z be (3 - (3 - 2))*4. Let c = z + q. Let p(r) = -2*r. Calculate p(c).
-8
Let o be (-2)/(-7) - 52/(-14). Let t(b) be the first derivative of -b**2/2 + b + 477. Calculate t(o).
-3
Suppose -i = i - 3*d - 15, -2*d - 6 = 0. Suppose x - 3*u - 36 = 0, -i + 39 = x - u. Let h = x + -29. Let j(y) = y**2 - 8*y + 7. Determine j(h).
0
Let v(f) be the third derivative of -f**5/60 + f**4/4 + 7*f**3/6 + 4*f**2 - 2. Let k be ((-5)/6)/((-1)/6). Determine v(k).
12
Suppose -4*r + 6 = 2*k, 0*r + 4*r - 2*k - 10 = 0. Suppose 10 = 4*f + r. Let o(s) = -6*s - s + 2 - 2*s**2 + f*s + 3*s**2. Calculate o(3).
-4
Suppose -2*v = -4148 + 4148. Let p(h) = h**2 + 49. What is p(v)?
49
Let u(d) = 2059*d + 4123. Let y be u(-2). Let s(w) = 2*w**2 - 2*w + 3. Let i be s(2). Let m(o) = 1 + i - 3*o + 2*o. Give m(y).
3
Let j(q) = -q + 13. Let h(g) = -1. Let n(c) = 6*h(c) + j(c). Suppose -4*p + 4 = 2*i + 14, 4*i = -4*p - 4. Give n(i).
4
Suppose 5*b + 5*h + 40 = 0, 2*h + 15 = -5*b - 31. Let c = b + -2. Let m be -3*((-4)/c - 2). Let g(p) = -p**3 + 6*p**2 - 7*p + 1. Give g(m).
-9
Suppose 0 = 44*b - 61 - 27. Let o(i) be the first derivative of i + 5/2*i**b - 4. Give o(-1).
-4
Suppose -r - 12 = -3*r. Let k be r/4*(-8)/(-6). Suppose i + i = -k. Let h(j) = -3*j**2 - 2*j - 1. Calculate h(i).
-2
Let p(t) = t + t + 33 + 29 - 59. Calculate p(-13).
-23
Let m(a) = -53*a**2 + 27*a - 10. Let l(o) = -10*o**2 + 5*o - 2. Let h(b) = 11*l(b) - 2*m(b). Determine h(1).
-5
Suppose 5*i - 2*p = 32, 2*i + 3*p + p = 8. Let o(j) = -i*j + 0*j + 0*j - 2*j. Give o(1).
-8
Suppose 3*d - 4*m + 0*m - 35 = 0, d + 5 = -2*m. Let t(v) = -v + 4. What is t(d)?
-1
Suppose 0*x - h = x + 3, -3*h = 4*x + 13. Let s(u) = 6*u**2 + 6*u + 2 + 5*u**3 + 4*u**3 - 8*u**2 - 10*u**3. Determine s(x).
10
Let j(s) = -454*s - 463*s - 11*s**2 - 5 - s**3 + 929*s. What is j(-12)?
-5
Let o(a) be the first derivative of -a**2/2 - 24. Let f(b) be the third derivative of b**4/24 - 2*b**3/3 + 3*b**2. Let j be f(6). What is o(j)?
-2
Let p(l) = -l**2 + 9*l - 17. Suppose 17 = 3*o - 5*d, -24 = -4*o - 2*d - 10. Determine p(o).
3
Let f be 6 - 104/12 - (-4 + 1). Let s(x) be the second derivative of f*x**3 + 1/20*x**5 + 1/2*x**2 + 0 + 5*x - 1/3*x**4. Calculate s(2).
-3
Suppose -3*n = 8 + 1, -5*n = 3*g - 3. Let j(f) = 6*f + 3. What is j(g)?
39
Let g(p) = -2*p**3 - 31*p**2 + 17*p + 16. Let t be g(-16). Let i(v) be the second derivative of 3*v - 3/2*v**2 + t + 1/2*v**3. Calculate i(2).
3
Let z(j) = j**3 - j**2 + 2*j - 1. Let v be z(1). Let n(k) = k**2 + 1. Let g(a) = 4*a**2 - 6. Let b(d) = -g(d) - 5*n(d). What is b(v)?
-8
Let o(l) = -7*l + 10. Let h be o(-5). Let z(t) = t + 43 - h + 2*t + t + t**2. What is z(-6)?
10
Let w(b) = -b**3 - 6*b**2 - b - 8. Let r(q) = 3*q**2 - 28*q + 25. Let o be r(8). Give w(o).
48
Let f = 109 - 120. Let r(z) = 2*z - 11. Determine r(f).
-33
Let c(b) be the first derivative of -b**4/2 + b**3 + b**2 + 2*b + 294. Determine c(-2).
26
Suppose 13*o - 4*f = 16*o + 10, -5 = 5*f. Let k(x) = 0 + 0 + 2*x - 3*x. What is k(o)?
2
Let v(x) = 3*x + 1. Suppose -8*w = -4*w - 12. Let g(k) = -4*k - 1. Let j(i) = w*v(i) + 2*g(i). Determine j(-2).
-1
Let q(m) = m**3 + 9*m**2 + m + 2. Suppose 0 = g + 5, -3*l + 3 - 15 = -3*g. Calculate q(l).
-7
Let h(i) = -3*i**2 - 6*i + 2. Let t(p) = -5*p**2 - 5*p + 1. Let o(z) = 3*h(z) - 2*t(z). What is o(6)?
-8
Let o(c) = c - 7. Suppose 0 = -3*h - 3*z + 24, -5*z = h - z - 5. Suppose 7*i - h = 4*i. Calculate o(i).
-4
Suppose q + 0*v = v, 10 = 5*v. Suppose -14*a = -q*a - a. Let b(k) = 0*k - k - 10 - 6. Calculate b(a).
-16
Let x(h) = h**2 - 11*h - 10. Let s = -42 + 48. Give x(s).
-40
Let i(b) be the first derivative of b**2 + 21*b + 243. Give i(-9).
3
Let z(w) = -w**2 - 5*w - 2. Suppose -p + 21 = -24. Let c be p/(-7) - -1*(-6)/(-14). Calculate z(c).
-8
Let d(n) = -n**2 + 9*n + 3. Let o be d(9). Suppose 0 = b - 5*i + 23, -2*b + 4*i - 10 = o*b. Let y(t) = -4*t**2 - b*t - 2*t + 2 + 5*t. Determine y(2).
-12
Suppose -2*h - 6 = 2*y, -3*h - h - 21 = -5*y. Suppose -y + 16 = 5*o. Let q(k) = 2 + 2*k**2 - 5*k + 1 - 1. Give q(o).
5
Let x(k) = -11*k**3 + 5*k**2 - 2*k + 8. Let n(d) = 14*d**3 - 5*d**2 + 3*d - 9. Let z(b) = -4*n(b) - 5*x(b). Determine z(-4).
-12
Let u(r) = -7*r + 180. Let c be u(25). Let a(p) = p**3 - 5*p**2 - 5*p + 3. Calculate a(c).
-22
Suppose -5422 + 5419 = -3*v. Let w(n) = -9*n**3 - n**2 + n - 1. Determine w(v).
-10
Let p(l) = -l + 2. Let o = 343 + -327. Determine p(o).
-14
Let f(q) = -q**3 - 8*q**2 + 2*q - 10. Let c(o) = -o**2 + o - 1. Let b(w) = -5*c(w) + f(w). Determine b(-4).
23
Let n(c) be the third derivative of c**4/24 - 2*c**3 + 28*c**2 - 8. What is n(13)?
1
Let f(g) = 2*g**3 - 3*g**3 + g**2 + 7*g**3 + g + 0*g**2. Let a be f(-1). Let s(u) = -4*u**2 + 5*u**2 + 9*u - 7 - 3*u. Give s(a).
-7
Let u(a) be the first derivative of a**4/4 - 11*a**3/3 + 13*a**2/2 - 9*a + 58. Calculate u(10).
21
Let s(w) = w**3 - w**2 + 6. Let x be 160/12*(-6)/(-5). Let z be 12/5 + x/(-40). Suppose 0 = 5*h - 0*j + 3*j + 12, z*j + 8 = -3*h. What is s(h)?
6
Let v(r) be the second derivative of -r**5/20 - 5*r**4/12 + 5*r**3/6 - 3*r**2/2 + r + 3. Determine v(-6).
3
Let x(q) = q**3 + 5*q**2 - 3*q + 10. Let m be 8/(-2)*(-6 + 60/8). Give x(m).
-8
Let y(w) be the first derivative of w**3/3 + 2*w**2 + 7*w + 79. Determine y(-4).
7
Let v(m) be the first derivative of m**3 + 5*m**2 + 15*m + 7. Let j be (-2 - 0)/((-6)/(-33)). Let i(t) = t**2 + 3*t + 5. Let k(h) = j*i(h) + 4*v(h). Give k(-6).
-1
Let d be ((-6)/(-8))/(6/24). Let g be 42/4 - (-6)/(-4). Suppose d = g*p - 8*p. Let a(l) = l**3 - 2*l**2 + l - 4. Determine a(p).
8
Let k(s) be the second derivative of -s**3/6 - 4*s**2 - 49*s. Calculate k(-8).
0
Suppose 0*n - 3*n + 3 = 0. Let b be n/2*(-40)/4. Let a(l) be the first derivative of l**4/4 + l**3 - 7*l**2/2 + l - 29. Give a(b).
-14
Let n(y) = 3*y**2 + 13*y + 26. Let c(h) = h**2 + 4*h + 9. Let t(w) = 8*c(w) - 3*n(w). Suppose 0 = 2*a - 1 + 7. Let v = a + -1. Determine t(v).
6
Let f(m) be the second derivative of -m**5/12 - m**3 + m. Let k(p) be the second derivative of f(p). What is k(1)?
-10
Let r(t) = -2*t - 4. Let d(u) = -u - 5. Let x(c) = -5*d(c) + 6*r(c). Suppose 591 = 10*g + 161. Let k = -44 + g. Give x(k).
8
Let y(a) be the third derivative of a**6/120 + a**5/15 - a**4/12 - a**3/3 - 454*a**2. What is y(-5)?
-17
Suppose 0 = 5*h + c, -6*c = -3*h - 11*c. Suppose 5*l + p = 22, 12 = -h*l + 3*l + p. Let y(v) = v - 7. Determine y(l).
-2
Suppose -19*q - 182 = -30. Let t(g) = g**2 + 6*g + 6. Give t(q).
22
Let s(x) = -x**3 - 8*x**2 - 7*x - 4. Suppose 2*g + 0 = 4. Suppose -b - 2*c + 1 = 0, 0 = -5*b + g*c + c - 47. What is s(b)?
-4
Suppose -11 = 4*y - 83. Let u be 3/y*3*6. Let p(f) = 3*f + 52*f**2 - 2*f - 48*f**2 - 2*f**3. Determine p(u).
-15
Let m(t) = -t**3 + 2*t**2 + 2*t - 3. Suppose 0 = -2*i + 2*p + 6, 2*i - 2*p = i + 2. Determine m(i).
-27
Let v(t) = -2*t**2 + 4*t - 3. Let z = 18 + -16. Calculate v(z).
-3
Let n(h) be the first derivative of h**3/3 + 3*h**2/2 - 10*h + 218. What is n(-5)?
0
Let f(d) = d**2 + 4*d - 6. Let x = 121 - 127. Calculate f(x).
6
Let x = -1385 - -1385. Let k(w) = -2*w + 1. What is k(x)?
1
Let r(o) = -65*o + 9 + 9 + 66*o - 2. What is r(-12)?
4
Let b(h) = 2 - 3*h - 4 + h. Suppose -4*d + 21 = -11*d. Give b(d).
4
Let u(o) be the third derivative of 3*o**5/10 + o**4/24 - o**3/6 + 444*o**2. Calculate u(1).
18
Let x(f) = -4*f - 158*f**3 + 8*f - 2 + 162*f**3 - 4*f**2. Let z(j) = 5*j**3 - 5*j**2 + 5*j - 2. Let y(g) = -6*x(g) + 5*z(g). Calculate y(2).
8
Let x(k) = k**2 + k. Let t(c) = c**2 - c. Let y(v) = -11*v**2 + 7*v + 9. Let h(l) = -5*t(l) - y(l). Let z(g) = -h(g) + 5*x(g). Determine z(7).
9
Let l(j) = -j**3 - j**2 + j + 2. Let n(c) = c**2 - c + 1. Let k be -1*(-1 + 3 - 0). Let s(i) = k*n(i) - l(i). Suppose 0 = -2*d + 7*d. Give s(d).
-4
Let s(f) be the third derivative of -7*f**6/120 - f**5/30 + f**4/24 - 3*f**2. Let v = -102 + 60. Let i = v - -43. What is s(i)?
-8
Let i(s) be the first derivative of s + 1/2*s**2 + 10. What is i(3)?
4
Let m = -24 - -32. 